{"id":22,"date":"2024-04-28T20:42:48","date_gmt":"2024-04-28T20:42:48","guid":{"rendered":"https:\/\/www.dem-hund-zuliebe.de\/?page_id=22"},"modified":"2024-04-29T20:09:30","modified_gmt":"2024-04-29T20:09:30","slug":"impressum","status":"publish","type":"page","link":"https:\/\/www.dem-hund-zuliebe.de\/?page_id=22","title":{"rendered":"Impressum"},"content":{"rendered":"\n<p>Dem Hund zuliebe<br>Nicole V\u00f6lkel<br>Brunsb\u00fctteler Damm 223 D<br>13581 Berlin<br>Tel: 0177 569 89 79<br>Email:\u00a0<a href=\"mailto:dem-hund-zuliebe@gmx.de\">dem-hund-zuliebe@gmx.de<\/a><\/p>\n\n\n\n<h2 class=\"wp-block-heading\">Aufsichtsbeh\u00f6rde<\/h2>\n\n\n\n<h2 class=\"wp-block-heading\"><\/h2>\n\n\n\n<p>Bezirksamt Spandau von Berlin<br>Abt. B\u00fcrgerdienste, Ordnung und Jugend<br>Ordnungsamt<br>Veterin\u00e4r- und Lebensmittelaufsicht<br>Carl- Schurz- Str. 2-6<br>13597 Berlin<br>Tel: (030) 90279-02557<br>Fax: (030) 90279-7602<\/p>\n\n\n\n<h2 class=\"wp-block-heading\">Berufshaftpflichtversicherung<\/h2>\n\n\n\n<p>VHV Allgemeine Versicherungs AG<br>VHV-Platz 1<br>30177 Hannover<br>Geltungsbereich: Deutschland<\/p>\n\n\n\n<h2 class=\"wp-block-heading\">Verantwortlich f\u00fcr den Inhalt (gem. \u00a7 55 Abs. 2 RStV)<\/h2>\n\n\n\n<p>Nicole V\u00f6lkel<br>Brunsb\u00fctteler Damm 223 D<br>13581 Berlin<\/p>\n","protected":false},"excerpt":{"rendered":"<p>Dem Hund zuliebeNicole V\u00f6lkelBrunsb\u00fctteler Damm 223 D13581 BerlinTel: 0177 569 89 79Email:\u00a0dem-hund-zuliebe@gmx.de Aufsichtsbeh\u00f6rde Bezirksamt Spandau von BerlinAbt. B\u00fcrgerdienste, Ordnung und JugendOrdnungsamtVeterin\u00e4r- und LebensmittelaufsichtCarl- Schurz- Str. 2-613597 BerlinTel: (030) 90279-02557Fax: (030) 90279-7602 Berufshaftpflichtversicherung VHV Allgemeine Versicherungs AGVHV-Platz 130177 HannoverGeltungsbereich: Deutschland Verantwortlich f\u00fcr den Inhalt (gem. \u00a7 55 Abs. 2 RStV) Nicole V\u00f6lkelBrunsb\u00fctteler Damm 223 D13581 Berlin<\/p>\n","protected":false},"author":1,"featured_media":0,"parent":0,"menu_order":0,"comment_status":"closed","ping_status":"closed","template":"","meta":{"footnotes":""},"class_list":["post-22","page","type-page","status-publish","hentry"],"_links":{"self":[{"href":"https:\/\/www.dem-hund-zuliebe.de\/index.php?rest_route=\/wp\/v2\/pages\/22","targetHints":{"allow":["GET"]}}],"collection":[{"href":"https:\/\/www.dem-hund-zuliebe.de\/index.php?rest_route=\/wp\/v2\/pages"}],"about":[{"href":"https:\/\/www.dem-hund-zuliebe.de\/index.php?rest_route=\/wp\/v2\/types\/page"}],"author":[{"embeddable":true,"href":"https:\/\/www.dem-hund-zuliebe.de\/index.php?rest_route=\/wp\/v2\/users\/1"}],"replies":[{"embeddable":true,"href":"https:\/\/www.dem-hund-zuliebe.de\/index.php?rest_route=%2Fwp%2Fv2%2Fcomments&post=22"}],"version-history":[{"count":2,"href":"https:\/\/www.dem-hund-zuliebe.de\/index.php?rest_route=\/wp\/v2\/pages\/22\/revisions"}],"predecessor-version":[{"id":58,"href":"https:\/\/www.dem-hund-zuliebe.de\/index.php?rest_route=\/wp\/v2\/pages\/22\/revisions\/58"}],"wp:attachment":[{"href":"https:\/\/www.dem-hund-zuliebe.de\/index.php?rest_route=%2Fwp%2Fv2%2Fmedia&parent=22"}],"curies":[{"name":"wp","href":"https:\/\/api.w.org\/{rel}","templated":true}]}}